ctors of (2116/2)/((532/(-2114))/(-19))?
23, 151
Suppose 0 = 4*f + 2*y + 110, f - 2*y - 192 + 207 = 0. Suppose 0*v - 326 = 2*v. Let m = f - v. What are the prime factors of m?
2, 3, 23
Suppose 0*l = -3*l + 6. Suppose -c + 174 = -l*c. Let w = 248 + c. What are the prime factors of w?
2, 37
List the prime factors of (17720/(-100))/(0 + 4/(-140)).
2, 7, 443
Let a(n) = -12*n**3 + 25*n**2 - 12*n + 21. List the prime factors of a(-7).
2, 7, 389
Suppose 2*d - 38 = 2*q + 2*q, 3*q = -15. Let f be (-2)/d - 1815/(-27). Suppose 120 = f*b - 66*b. What are the prime factors of b?
2, 3, 5
List the prime factors of (0 + -226)*((-46065)/30)/37.
83, 113
Let d(x) = -x**3 - 9*x**2 + 12*x + 23. Let n be d(-10). Suppose 0 = -21*l + 22*l - n. Suppose 0 = 3*m - 7*m + 20, 404 = l*y - 5*m. List the prime factors of y.
11, 13
Let i(d) = 24*d**2 - 26*d - 4. Let n be i(7). Suppose -2*a + n = 2*s, -a = 2*a + 5*s - 1491. What are the prime factors of a?
2, 3, 41
Let o be 104/(-6) - (-80)/(-48). Let l(b) = b**3 + 19*b**2 - 28*b - 10. List the prime factors of l(o).
2, 3, 29
Let z(p) = 31*p**2 + p - 65. Let i be z(-14). Suppose 6303 = 25*g - i. List the prime factors of g.
2, 3, 41
What are the prime factors of 3885*(4/9)/(138/207)?
2, 5, 7, 37
Let h(i) = -i**3 + 6*i**2 + 6*i + 1. Let z be h(5). Suppose g = 3*s + 271 + z, 3*g = -2*s + 981. Let d = -198 + g. List the prime factors of d.
3, 43
Let p = 25655 + -14879. What are the prime factors of p?
2, 3, 449
Let i(b) = 2018*b + 543. List the prime factors of i(7).
14669
Suppose 4*s + 2*b = 7*b - 10, 0 = 2*s - b + 2. Let k be ((-120)/(-18))/(76/8037). Suppose 4*o - k + 161 = s. What are the prime factors of o?
2, 17
Let h be 962/7 + 112/196. What are the prime factors of 2112/((-4)/(-18) - h/(-108))?
2, 11
Suppose 142051 = -76*z + 83*z. What are the prime factors of (-24)/(-14)*z/26?
2, 3, 223
Suppose 85*j - 41577 - 598388 = 0. What are the prime factors of j?
7529
Let t(s) = -78*s**3 + s**2 - 8*s. Let m be t(-4). Suppose m = 18*u + 2*u. Suppose 8*x - 268 - u = 0. List the prime factors of x.
5, 13
Let h = -9 + -68. Let d(t) = t**2 - 19*t + 30. Let g be d(11). Let q = g - h. What are the prime factors of q?
19
Let v(r) = 2*r**2 + 12*r + 15. Let x be v(-5). Let k(z) = 4*z - 15. Let a be k(x). Suppose a*m = 13*m - 1416. What are the prime factors of m?
3, 59
Let k = -116660 - -169552. List the prime factors of k.
2, 7, 1889
List the prime factors of 7 + 1 + 4207 + 3.
2, 3, 19, 37
Let f = 540 + -320. Let s = f - -80. List the prime factors of s.
2, 3, 5
Suppose 4*b - 1408 = -o, 5*o + 3*b + 0*b - 7057 = 0. Let v = 980 - o. Let m = -309 - v. List the prime factors of m.
3, 41
What are the prime factors of ((-90)/14 + (-21)/(-49) - -11212) + -6?
2, 5, 7
Let u = 245 + -245. Suppose -6*w + 2388 + 48 = u. List the prime factors of w.
2, 7, 29
Suppose -4*q = -4*a - 592, -2*q + 300 - 1 = a. What are the prime factors of q?
149
Let i(j) = -2*j**3 - 13*j**2 + 13*j. Let r be -14 - (75/(-18) - 1/(-6)). What are the prime factors of i(r)?
2, 3, 5, 19
Let q = 48161 - 27245. List the prime factors of q.
2, 3, 7, 83
Let m = -675 + 1174. Let x = m - 217. List the prime factors of x.
2, 3, 47
Let p(w) = w**2 - 2*w - 22. Let u be p(6). Suppose 0 = u*x + 3*i + 23, x + x + 29 = 3*i. What are the prime factors of ((-12)/10)/(x/2015)?
2, 3, 31
Suppose -14*z = 16*z - 80106 - 9834. What are the prime factors of z?
2, 1499
Suppose 5*a = 2*o - 15 + 9, -3*a = 2*o - 6. Suppose 0 = -f - a*s + 4*s + 146, f - 167 = -3*s. List the prime factors of f.
2, 79
Suppose 91 - 256 = -5*t. Suppose -t = -3*s - 21. Suppose 2*w = -5*m - 13 + 267, w + s*m - 133 = 0. What are the prime factors of w?
3, 13
Let r = -321 + 328. Suppose -16226 = -r*s - 12*s. What are the prime factors of s?
2, 7, 61
Let w(r) = r**3 - 15*r**2 - 16*r + 2. Let b = -23 + 39. Let u be w(b). Suppose -2*y = u*y - 400. What are the prime factors of y?
2, 5
Suppose -7*y - 143 = 11. What are the prime factors of (-12)/y + (-660348)/(-572)?
3, 5, 7, 11
Let r be (-32)/((-2)/1) - -3. Let b be (0 + 0 + 13)/((-1)/r). Let k = 370 + b. List the prime factors of k.
3, 41
Let j(m) = 14*m**2 - 46*m - 22. List the prime factors of j(23).
2, 3163
Suppose -140*y = -6430481 + 421723 - 470022. List the prime factors of y.
7, 11, 601
Let a(m) = -m**2 - 13*m - 43. Let u be a(-5). List the prime factors of (-62)/(-4)*-22*u.
3, 11, 31
Suppose -4*n = -10*n + 12. Suppose -22 = -5*a - n. Suppose 4*p = -a*p + 856. List the prime factors of p.
107
Let t = -626 - 930. Let u = t - -2390. What are the prime factors of u?
2, 3, 139
Let x be -2 + 4 + (7 - 5 - -1). List the prime factors of x/(1/(-1)) + (-20952)/(-18).
19, 61
Let l be (3156/(-12))/(1 - 1 - 1). Let k = 454 - l. List the prime factors of k.
191
Let z(q) be the third derivative of q**5/12 + q**4/6 - q**3/3 - 12*q**2. Let i be z(-7). Let y = i + -101. What are the prime factors of y?
2, 3, 19
Let m(k) = -k**3 + 21*k**2 - 15*k - 13. Let i be m(20). Let f(o) = -13*o + i*o**2 - 7 - 39*o**2 - 45*o**2. What are the prime factors of f(8)?
3
Let j(u) = -27 + 46 + 39 + 3*u + 0*u. List the prime factors of j(3).
67
Suppose 0 = 8*a - 4*a - 2*d - 8, 11 = 3*a + d. Suppose a*b = -20*b + 21390. What are the prime factors of b?
2, 3, 5, 31
Suppose -2*l + 186392 - 28902 = 2*d, -2*l - 314986 = -4*d. What are the prime factors of d?
2, 39373
Let m(q) = -620*q - 247. Let r be m(-33). Suppose -r + 203 = -30*n. What are the prime factors of n?
23, 29
Let a be (-10)/4*1*(-1340)/25. Let f = a + -237. Let o = f - -261. What are the prime factors of o?
2, 79
Suppose -414 = 2*t + 256. Let b = t - -793. What are the prime factors of b?
2, 229
Let t be 5 + 3 + (-1 - -2). Suppose 0 = 4*r - t*r - 15. What are the prime factors of (-3)/((-6)/4) - 39*r?
7, 17
Suppose 2*v + v + 246 = -2*l, -2*l = -4*v + 218. Let p = l + 118. List the prime factors of (-2 - -53)*1*p/1.
3, 17
Let m(c) be the second derivative of -29*c**3/3 + 3*c**2/2 - c. Let a be (-335)/134 + 2/4. List the prime factors of m(a).
7, 17
Let v(j) = j**2 - 1. Let q(k) = 3*k**2 - 6*k + 11. Let w(m) = q(m) - 6*v(m). Let a be w(-9). Let f = 254 + a. What are the prime factors of f?
2, 41
Suppose -i - 10 + 94 = 0. Let s(z) = z**3 + 10*z**2 - 4*z - 31. Let j be s(-7). What are the prime factors of (j/i)/(2/7)?
2, 3
Suppose -118*i = 465*i - 26263567. List the prime factors of i.
19, 2371
Let t(o) = 11*o - 10. Let r be 20/6*(129/15 - 5). Let i be r/(-15)*(-4 - 1). List the prime factors of t(i).
2, 17
Let r = 5348 + 1867. List the prime factors of r.
3, 5, 13, 37
Suppose -3*m - m + 8 = 0. Suppose -4 = t - 18. Suppose t = -n + m*n - 4*r, -5*r = 3*n - 8. List the prime factors of n.
2, 3
Suppose 5 = o + 2. Let g(d) = -d**o - 16 - 9 + 14*d**2 - 236*d + 230*d. List the prime factors of g(13).
2, 3, 11
Suppose 408650 = 262*n - 251*n. List the prime factors of n.
2, 5, 743
Let t = 14305 + -7651. List the prime factors of t.
2, 3, 1109
Let j be 2 + (-3)/((-3)/97). Let d be 1/(1/(-9)) + 12. Suppose 0 = -d*h - j + 522. What are the prime factors of h?
3, 47
Suppose -4*w + 143 = -4*y - y, 3*y = -3*w + 87. Let p = w + -24. What are the prime factors of p/(-1)*30/(-24)?
2, 5
Let d(n) = -38 + 5*n - 32 + 57. Let p be d(3). Suppose -2*m + 7*m = p*t + 69, 4*m = -2*t + 48. What are the prime factors of m?
13
Suppose -40744 = -4*c - 3*r, 50899 = 5*c - 102*r + 98*r. List the prime factors of c.
17, 599
Let o(k) = k**2 + 41*k - 700. Let q be o(-54). Let m be (32/(-1))/((-4)/14). Suppose -4*y = -5*y + 4*r + m, q*y + 2*r = 254. List the prime factors of y.
2, 31
Suppose 6*w - 2*w = 0. Let s be 0 + (-3 + 5 - w). Suppose -s*z + 4*z = 46. List the prime factors of z.
23
Let f be (-5 + 1)*10/4. Let h be (-16 + 10 + -4)/(4/24). List the prime factors of (104/f)/(8/h*3).
2, 13
Let u(a) = 6*a + 133. Let f be u(-32). List the prime factors of ((-9)/6)/(5/(-10)) - f.
2, 31
Let l be 2/24 - (-13357)/(-444). What are the prime factors of (-25838)/(-14) - l/70?
2, 13, 71
Let v(c) = -32*c - 8. Let r be v(-5). Let m be (-761)/(-5) + (-5)/25. Suppose 4*y - m = r. List the prime factors of y.
2, 19
Suppose 1575 = 3*r + 3*n, -3*r - 4*n + 57 + 1521 = 0. Let l = r - 305. Let c = l - 117. What are the prime factors of c?
2, 5
Let z(t) = 2*t**3 + 10*t**2 + 408*t - 69. List the prime factor